he remainder when 67530 is divided by 1688?
10
Calculate the remainder when 76509 is divided by 385.
279
What is the remainder when 78583 is divided by 38?
37
Calculate the remainder when 9449 is divided by 672.
41
What is the remainder when 61317 is divided by 210?
207
What is the remainder when 13844 is divided by 39?
38
Calculate the remainder when 4900 is divided by 225.
175
Calculate the remainder when 98037 is divided by 30.
27
Calculate the remainder when 1437 is divided by 12.
9
Calculate the remainder when 92803 is divided by 3865.
43
What is the remainder when 317 is divided by 315?
2
Calculate the remainder when 151632 is divided by 7.
5
Calculate the remainder when 6920 is divided by 256.
8
Calculate the remainder when 1290759 is divided by 12.
3
What is the remainder when 12676 is divided by 6292?
92
Calculate the remainder when 5275 is divided by 1751.
22
What is the remainder when 4292 is divided by 120?
92
What is the remainder when 51609 is divided by 23?
20
What is the remainder when 631 is divided by 88?
15
Calculate the remainder when 991905 is divided by 247976.
1
What is the remainder when 47482 is divided by 210?
22
Calculate the remainder when 34176 is divided by 27.
21
What is the remainder when 1407 is divided by 188?
91
What is the remainder when 2671 is divided by 357?
172
What is the remainder when 7476 is divided by 2468?
72
What is the remainder when 23179 is divided by 22?
13
Calculate the remainder when 3493 is divided by 218.
5
What is the remainder when 8332 is divided by 3102?
2128
Calculate the remainder when 771572 is divided by 82.
34
Calculate the remainder when 9596 is divided by 314.
176
What is the remainder when 11263 is divided by 17?
9
Calculate the remainder when 817345 is divided by 28.
25
What is the remainder when 1712 is divided by 436?
404
What is the remainder when 9966 is divided by 2484?
30
What is the remainder when 4089 is divided by 33?
30
What is the remainder when 39846 is divided by 3983?
16
What is the remainder when 348595 is divided by 59?
23
What is the remainder when 172403 is divided by 24625?
28
Calculate the remainder when 11109 is divided by 22.
21
Calculate the remainder when 1622 is divided by 304.
102
Calculate the remainder when 88196 is divided by 56.
52
Calculate the remainder when 2261434 is divided by 796.
794
Calculate the remainder when 7361 is divided by 88.
57
What is the remainder when 6032 is divided by 147?
5
What is the remainder when 10764 is divided by 10238?
526
What is the remainder when 174277 is divided by 193?
191
Calculate the remainder when 178917 is divided by 280.
277
Calculate the remainder when 3960 is divided by 393.
30
Calculate the remainder when 40629 is divided by 490.
449
What is the remainder when 49997 is divided by 24995?
7
Calculate the remainder when 18778 is divided by 3122.
46
What is the remainder when 745121 is divided by 25?
21
What is the remainder when 1474 is divided by 114?
106
Calculate the remainder when 518 is divided by 99.
23
Calculate the remainder when 181507 is divided by 14.
11
Calculate the remainder when 161758 is divided by 30.
28
What is the remainder when 2205 is divided by 175?
105
What is the remainder when 4484 is divided by 4434?
50
Calculate the remainder when 4139 is divided by 109.
106
Calculate the remainder when 55354 is divided by 18451.
1
Calculate the remainder when 21942 is divided by 142.
74
What is the remainder when 31115 is divided by 7747?
127
What is the remainder when 324659 is divided by 9?
2
Calculate the remainder when 7509 is divided by 626.
623
What is the remainder when 257038 is divided by 135?
133
What is the remainder when 7177 is divided by 1956?
1309
What is the remainder when 7990 is divided by 18?
16
What is the remainder when 3878 is divided by 44?
6
Calculate the remainder when 3601 is divided by 252.
73
Calculate the remainder when 1384 is divided by 128.
104
Calculate the remainder when 162981 is divided by 18.
9
Calculate the remainder when 114189 is divided by 1784.
13
Calculate the remainder when 13608 is divided by 842.
136
Calculate the remainder when 41449 is divided by 4141.
39
Calculate the remainder when 574979 is divided by 37.
36
Calculate the remainder when 104956 is divided by 3887.
7
What is the remainder when 27151 is divided by 61?
6
Calculate the remainder when 1258678 is divided by 7.
1
What is the remainder when 248384 is divided by 1328?
48
Calculate the remainder when 2920 is divided by 974.
972
What is the remainder when 17334 is divided by 17333?
1
What is the remainder when 15744 is divided by 2232?
120
Calculate the remainder when 9919 is divided by 34.
25
What is the remainder when 368692 is divided by 17?
13
What is the remainder when 8485 is divided by 1831?
1161
Calculate the remainder when 153 is divided by 33.
21
Calculate the remainder when 27312 is divided by 682.
32
What is the remainder when 23943 is divided by 6?
3
What is the remainder when 630721 is divided by 386?
383
What is the remainder when 5180 is divided by 2572?
36
What is the remainder when 188649 is divided by 2858?
21
Calculate the remainder when 48973 is divided by 8.
5
Calculate the remainder when 6725 is divided by 458.
313
What is the remainder when 7340 is divided by 376?
196
Calculate the remainder when 12931 is divided by 450.
331
What is the remainder when 392 is divided by 38?
12
Calculate the remainder when 60375 is divided by 19.
12
What is the remainder when 815650 is divided by 326?
324
What is the remainder when 98698 is divided by 783?
40
Calculate the remainder when 2117 is divided by 612.
281
What is the remainder when 113030 is divided by 47?
42
What is the remainder when 22391 is divided by 303?
272
What is the remainder when 4569 is divided by 439?
179
What is the remainder when 131 is divided by 41?
8
Calculate the remainder when 22382 is divided by 146.
44
Calculate the remainder when 113914 is divided by 381.
376
Calculate the remainder when 28777 is divided by 94.
13
What is the remainder when 35256 is divided by 5027?
67
Calculate the remainder when 21311 is divided by 333.
332
Calculate the remainder when 3737 is divided by 1797.
143
Calculate the remainder when 4543 is divided by 22.
11
What is the remainder when 85175 is divided by 84?
83
Calculate the remainder when 584826 is divided by 1523.
1517
Calculate the remainder when 69800 is divided by 23239.
83
Calculate the remainder when 11309 is divided by 1148.
977
Calculate the remainder when 81989 is divided by 24.
5
What is the remainder when 3419 is divided by 1535?
349
What is the remainder when 263828 is divided by 117?
110
Calculate the remainder when 150165 is divided by 50054.
3
What is the remainder when 25614 is divided by 49?
36
What is the remainder when 36318 is divided by 12103?
9
What is the remainder when 86029 is divided by 304?
301
What is the remainder when 23054 is divided by 139?
119
What is the remainder when 75066 is divided by 458?
412
What is the remainder when 21252 is divided by 312?
36
What is the remainder when 15789 is divided by 2878?
1399
What is the remainder when 1594 is divided by 34?
30
Calculate the remainder when 5111 is divided by 151.
128
What is the remainder when 25558 is divided by 473?
16
Calculate the remainder when 379 is divided by 298.
81
Calculate the remainder when 48051 is divided by 1201.
11
What is the remainder when 2383743 is divided by 455?
453
What is the remainder when 569704 is divided by 15825?
4
What is the remainder when 10774 is divided by 5384?
6
Calculate the remainder when 202989 is divided by 4.
1
Calculate the remainder when 3454 is divided by 106.
62
Calculate the remainder when 47033 is divided by 47019.
14
What is the remainder when 291749 is divided by 167?
0
Calculate the remainder when 1298 is divided by 73.
57
Calculate the remainder when 5924 is divided by 281.
23
What is the remainder when 24103 is divided by 24103?
0
What is the remainder when 571906 is divided by 142973?
14
What is the remainder when 1619 is divided by 35?
9
Calculate the remainder when 91707 is divided by 45.
42
What is the remainder when 33159 is divided by 16577?
5
What is the remainder when 573 is divided by 75?
48
Calculate the remainder when 2930